{"id":118,"date":"2023-10-02T09:00:36","date_gmt":"2023-10-02T09:00:36","guid":{"rendered":"https:\/\/ptin.us.edu.pl\/?page_id=118"},"modified":"2023-10-02T09:00:36","modified_gmt":"2023-10-02T09:00:36","slug":"monografie","status":"publish","type":"page","link":"https:\/\/ptin.us.edu.pl\/index.php\/monografie\/","title":{"rendered":"Monografie"},"content":{"rendered":"\n<div class=\"wp-block-media-text is-stacked-on-mobile\" style=\"grid-template-columns:30% auto\"><figure class=\"wp-block-media-text__media\"><img loading=\"lazy\" decoding=\"async\" width=\"326\" height=\"502\" src=\"https:\/\/ptin.us.edu.pl\/wp-content\/uploads\/2023\/10\/Prace-10.jpg\" alt=\"\" class=\"wp-image-119 size-full\" srcset=\"https:\/\/ptin.us.edu.pl\/wp-content\/uploads\/2023\/10\/Prace-10.jpg 326w, https:\/\/ptin.us.edu.pl\/wp-content\/uploads\/2023\/10\/Prace-10-195x300.jpg 195w\" sizes=\"auto, (max-width: 326px) 100vw, 326px\" \/><\/figure><div class=\"wp-block-media-text__content\">\n<p>Informacja i j\u0119zyk ; ksi\u0119ga pami\u0105tkowa po\u015bwi\u0119cona Profesorowi Eugeniuszowi \u015aciborowi (1929-2003). Pod red. W. Babika i D. Pietruch-Reizes. Katowice 2013. (Prace PTIN nr 10).<\/p>\n<\/div><\/div>\n\n\n\n<div class=\"wp-block-media-text is-stacked-on-mobile\" style=\"grid-template-columns:30% auto\"><figure class=\"wp-block-media-text__media\"><img loading=\"lazy\" decoding=\"async\" width=\"335\" height=\"501\" src=\"https:\/\/ptin.us.edu.pl\/wp-content\/uploads\/2023\/10\/ZI2010.jpg\" alt=\"\" class=\"wp-image-120 size-full\" srcset=\"https:\/\/ptin.us.edu.pl\/wp-content\/uploads\/2023\/10\/ZI2010.jpg 335w, https:\/\/ptin.us.edu.pl\/wp-content\/uploads\/2023\/10\/ZI2010-201x300.jpg 201w\" sizes=\"auto, (max-width: 335px) 100vw, 335px\" \/><\/figure><div class=\"wp-block-media-text__content\">\n<p>Zarz\u0105dzanie informacj\u0105 w nauce. Pod red. D. Pietruch-Reizes i W. Babika ; przy wsp\u00f3\u0142pr. R. Fr\u0105czek. Katowice 2010. (Prace PTIN nr 9).<\/p>\n<\/div><\/div>\n\n\n\n<div class=\"wp-block-media-text is-stacked-on-mobile\" style=\"grid-template-columns:30% auto\"><figure class=\"wp-block-media-text__media\"><img loading=\"lazy\" decoding=\"async\" width=\"441\" height=\"658\" src=\"https:\/\/ptin.us.edu.pl\/wp-content\/uploads\/2023\/10\/ZI2008.jpg\" alt=\"\" class=\"wp-image-121 size-full\" srcset=\"https:\/\/ptin.us.edu.pl\/wp-content\/uploads\/2023\/10\/ZI2008.jpg 441w, https:\/\/ptin.us.edu.pl\/wp-content\/uploads\/2023\/10\/ZI2008-201x300.jpg 201w\" sizes=\"auto, (max-width: 441px) 100vw, 441px\" \/><\/figure><div class=\"wp-block-media-text__content\">\n<p>Zarz\u0105dzanie informacj\u0105 w nauce. Pod red. D. Pietruch-Reizes. Katowice 2008.<\/p>\n<\/div><\/div>\n\n\n\n<div class=\"wp-block-media-text is-stacked-on-mobile\" style=\"grid-template-columns:30% auto\"><figure class=\"wp-block-media-text__media\"><img loading=\"lazy\" decoding=\"async\" width=\"326\" height=\"481\" src=\"https:\/\/ptin.us.edu.pl\/wp-content\/uploads\/2023\/10\/Prace-6.jpg\" alt=\"\" class=\"wp-image-133 size-full\" srcset=\"https:\/\/ptin.us.edu.pl\/wp-content\/uploads\/2023\/10\/Prace-6.jpg 326w, https:\/\/ptin.us.edu.pl\/wp-content\/uploads\/2023\/10\/Prace-6-203x300.jpg 203w\" sizes=\"auto, (max-width: 326px) 100vw, 326px\" \/><\/figure><div class=\"wp-block-media-text__content\">\n<p>Kierunki i priorytety rozwoju informacji naukowej w kontek\u015bcie budowania spo\u0142ecze\u0144stwa wiedzy. Pod red. D. Pietruch-Reizes i W. Babika. Katowice 2006. (Prace PTIN nr 6).<\/p>\n<\/div><\/div>\n\n\n\n<div class=\"wp-block-media-text is-stacked-on-mobile\" style=\"grid-template-columns:30% auto\"><figure class=\"wp-block-media-text__media\"><img loading=\"lazy\" decoding=\"async\" width=\"250\" height=\"360\" src=\"https:\/\/ptin.us.edu.pl\/wp-content\/uploads\/2023\/10\/7forum.jpg\" alt=\"\" class=\"wp-image-131 size-full\" srcset=\"https:\/\/ptin.us.edu.pl\/wp-content\/uploads\/2023\/10\/7forum.jpg 250w, https:\/\/ptin.us.edu.pl\/wp-content\/uploads\/2023\/10\/7forum-208x300.jpg 208w\" sizes=\"auto, (max-width: 250px) 100vw, 250px\" \/><\/figure><div class=\"wp-block-media-text__content\">\n<p>Us\u0142ugi \u2013 Aplikacje \u2013 Tre\u015bci w gospodarce opartej na wiedzy. Pod red. D. Pietruch-Reizes i W. Babika. Warszawa 2004, 278 s. (PRACE PTIN NR 5) ISBN 83-904561-5-X<\/p>\n<\/div><\/div>\n\n\n\n<div class=\"wp-block-media-text is-stacked-on-mobile\" style=\"grid-template-columns:30% auto\"><figure class=\"wp-block-media-text__media\"><img loading=\"lazy\" decoding=\"async\" width=\"250\" height=\"361\" src=\"https:\/\/ptin.us.edu.pl\/wp-content\/uploads\/2023\/10\/6forum-1.jpg\" alt=\"\" class=\"wp-image-129 size-full\" srcset=\"https:\/\/ptin.us.edu.pl\/wp-content\/uploads\/2023\/10\/6forum-1.jpg 250w, https:\/\/ptin.us.edu.pl\/wp-content\/uploads\/2023\/10\/6forum-1-208x300.jpg 208w\" sizes=\"auto, (max-width: 250px) 100vw, 250px\" \/><\/figure><div class=\"wp-block-media-text__content\">\n<p>Informacja \u2013 Wiedza \u2013 Gospodarka. Pod red. W. Pindlowej i D. Pietruch-Reizes. Warszawa 2001, 443 s. (PRACE PTIN NR 4) ISBN 83-904-561-4-1<\/p>\n<\/div><\/div>\n\n\n\n<div class=\"wp-block-media-text is-stacked-on-mobile\" style=\"grid-template-columns:30% auto\"><figure class=\"wp-block-media-text__media\"><img loading=\"lazy\" decoding=\"async\" width=\"250\" height=\"363\" src=\"https:\/\/ptin.us.edu.pl\/wp-content\/uploads\/2023\/10\/forum_integr.jpg\" alt=\"\" class=\"wp-image-130 size-full\" srcset=\"https:\/\/ptin.us.edu.pl\/wp-content\/uploads\/2023\/10\/forum_integr.jpg 250w, https:\/\/ptin.us.edu.pl\/wp-content\/uploads\/2023\/10\/forum_integr-207x300.jpg 207w\" sizes=\"auto, (max-width: 250px) 100vw, 250px\" \/><\/figure><div class=\"wp-block-media-text__content\">\n<p>Forum integracyjne krajowych stowarzysze\u0144 z zakresu informacji naukowej, bibliotekarstwa i dziedzin pokrewnych. Materia\u0142y. Pod red. D. Pietruch-Reizes. Warszawa 2000, 180 s. (PRACE PTIN NR 3) ISBN 83-904561-3-3<\/p>\n<\/div><\/div>\n\n\n\n<div class=\"wp-block-media-text is-stacked-on-mobile\" style=\"grid-template-columns:30% auto\"><figure class=\"wp-block-media-text__media\"><img loading=\"lazy\" decoding=\"async\" width=\"250\" height=\"359\" src=\"https:\/\/ptin.us.edu.pl\/wp-content\/uploads\/2023\/10\/5forum.jpg\" alt=\"\" class=\"wp-image-127 size-full\" srcset=\"https:\/\/ptin.us.edu.pl\/wp-content\/uploads\/2023\/10\/5forum.jpg 250w, https:\/\/ptin.us.edu.pl\/wp-content\/uploads\/2023\/10\/5forum-209x300.jpg 209w\" sizes=\"auto, (max-width: 250px) 100vw, 250px\" \/><\/figure><div class=\"wp-block-media-text__content\">\n<p>Spo\u0142ecze\u0144stwo informacyjne w perspektywie nowego tysi\u0105clecia. Materia\u0142y z V Krajowego Forum Informacji Naukowej i Technicznej Zakopane 18-21 pa\u017adziernika 1999. Pod red. D. Pietruch-Reizes, A. Sitarskiej i B. Stefaniak. Warszawa 2000, 127 s. (PRACE PTIN NR 2) ISBN 83-904561-2-5<\/p>\n<\/div><\/div>\n\n\n\n<div class=\"wp-block-media-text is-stacked-on-mobile\" style=\"grid-template-columns:30% auto\"><figure class=\"wp-block-media-text__media\"><img loading=\"lazy\" decoding=\"async\" width=\"250\" height=\"355\" src=\"https:\/\/ptin.us.edu.pl\/wp-content\/uploads\/2023\/10\/4forum.jpg\" alt=\"\" class=\"wp-image-126 size-full\" srcset=\"https:\/\/ptin.us.edu.pl\/wp-content\/uploads\/2023\/10\/4forum.jpg 250w, https:\/\/ptin.us.edu.pl\/wp-content\/uploads\/2023\/10\/4forum-211x300.jpg 211w\" sizes=\"auto, (max-width: 250px) 100vw, 250px\" \/><\/figure><div class=\"wp-block-media-text__content\">\n<p>IV Krajowe Forum Informacji Naukowej i Technicznej. Zakopane 2-5 wrze\u015bnia 1997r. Warszawa 1997, 336 s. ISBN 83-904561-1-7<\/p>\n<\/div><\/div>\n\n\n\n<div class=\"wp-block-media-text is-stacked-on-mobile\" style=\"grid-template-columns:30% auto\"><figure class=\"wp-block-media-text__media\"><img loading=\"lazy\" decoding=\"async\" width=\"250\" height=\"356\" src=\"https:\/\/ptin.us.edu.pl\/wp-content\/uploads\/2023\/10\/3forum.jpg\" alt=\"\" class=\"wp-image-125 size-full\" srcset=\"https:\/\/ptin.us.edu.pl\/wp-content\/uploads\/2023\/10\/3forum.jpg 250w, https:\/\/ptin.us.edu.pl\/wp-content\/uploads\/2023\/10\/3forum-211x300.jpg 211w\" sizes=\"auto, (max-width: 250px) 100vw, 250px\" \/><\/figure><div class=\"wp-block-media-text__content\">\n<p>III Krajowe Forum Informacji Naukowej i Technicznej. Jastrz\u0119bie Zdr\u00f3j 29 maja \u2013 2 czerwca 1995r. Pod red. Anny Czumak-Bienieckiej. Warszawa 1995, 435 s. ISBN 83-904561<\/p>\n<\/div><\/div>\n\n\n\n<div class=\"wp-block-media-text is-stacked-on-mobile\" style=\"grid-template-columns:30% auto\"><figure class=\"wp-block-media-text__media\"><img loading=\"lazy\" decoding=\"async\" width=\"250\" height=\"360\" src=\"https:\/\/ptin.us.edu.pl\/wp-content\/uploads\/2023\/10\/2forum.jpg\" alt=\"\" class=\"wp-image-124 size-full\" srcset=\"https:\/\/ptin.us.edu.pl\/wp-content\/uploads\/2023\/10\/2forum.jpg 250w, https:\/\/ptin.us.edu.pl\/wp-content\/uploads\/2023\/10\/2forum-208x300.jpg 208w\" sizes=\"auto, (max-width: 250px) 100vw, 250px\" \/><\/figure><div class=\"wp-block-media-text__content\">\n<p>II Krajowe Forum Informacji Naukowej i Technicznej. Jastrz\u0119bie Zdr\u00f3j 14-16 wrze\u015bnia 1993r. Pod red. Anny Czumak-Bienieckiej. Gliwice 1993, 286 s.<\/p>\n<\/div><\/div>\n\n\n\n<div class=\"wp-block-media-text is-stacked-on-mobile\" style=\"grid-template-columns:30% auto\"><figure class=\"wp-block-media-text__media\"><img loading=\"lazy\" decoding=\"async\" width=\"250\" height=\"354\" src=\"https:\/\/ptin.us.edu.pl\/wp-content\/uploads\/2023\/10\/1forum.jpg\" alt=\"\" class=\"wp-image-123 size-full\" srcset=\"https:\/\/ptin.us.edu.pl\/wp-content\/uploads\/2023\/10\/1forum.jpg 250w, https:\/\/ptin.us.edu.pl\/wp-content\/uploads\/2023\/10\/1forum-212x300.jpg 212w\" sizes=\"auto, (max-width: 250px) 100vw, 250px\" \/><\/figure><div class=\"wp-block-media-text__content\">\n<p>I Krajowe Forum Informacji Naukowej i Technicznej. Jastrz\u0119bie Zdr\u00f3j 19-21 listopada 1991r. Pod red. Andrzeja Bylickiego. Gliwice 1991, 141 s.<\/p>\n<\/div><\/div>\n","protected":false},"excerpt":{"rendered":"<p>Informacja i j\u0119zyk ; ksi\u0119ga pami\u0105tkowa po\u015bwi\u0119cona Profesorowi Eugeniuszowi \u015aciborowi (1929-2003). Pod red. W. Babika i D. Pietruch-Reizes. Katowice 2013. (Prace PTIN nr 10). Zarz\u0105dzanie informacj\u0105 w nauce. Pod red. D. Pietruch-Reizes i W. Babika ; przy wsp\u00f3\u0142pr. R. Fr\u0105czek. Katowice 2010. (Prace PTIN nr 9). Zarz\u0105dzanie informacj\u0105 w nauce. Pod red. D. Pietruch-Reizes. Katowice [&hellip;]<\/p>\n","protected":false},"author":1,"featured_media":0,"parent":0,"menu_order":0,"comment_status":"closed","ping_status":"closed","template":"","meta":{"footnotes":""},"class_list":["post-118","page","type-page","status-publish","hentry"],"_links":{"self":[{"href":"https:\/\/ptin.us.edu.pl\/index.php\/wp-json\/wp\/v2\/pages\/118","targetHints":{"allow":["GET"]}}],"collection":[{"href":"https:\/\/ptin.us.edu.pl\/index.php\/wp-json\/wp\/v2\/pages"}],"about":[{"href":"https:\/\/ptin.us.edu.pl\/index.php\/wp-json\/wp\/v2\/types\/page"}],"author":[{"embeddable":true,"href":"https:\/\/ptin.us.edu.pl\/index.php\/wp-json\/wp\/v2\/users\/1"}],"replies":[{"embeddable":true,"href":"https:\/\/ptin.us.edu.pl\/index.php\/wp-json\/wp\/v2\/comments?post=118"}],"version-history":[{"count":3,"href":"https:\/\/ptin.us.edu.pl\/index.php\/wp-json\/wp\/v2\/pages\/118\/revisions"}],"predecessor-version":[{"id":134,"href":"https:\/\/ptin.us.edu.pl\/index.php\/wp-json\/wp\/v2\/pages\/118\/revisions\/134"}],"wp:attachment":[{"href":"https:\/\/ptin.us.edu.pl\/index.php\/wp-json\/wp\/v2\/media?parent=118"}],"curies":[{"name":"wp","href":"https:\/\/api.w.org\/{rel}","templated":true}]}}