{"id":28,"date":"2023-09-22T09:10:28","date_gmt":"2023-09-22T09:10:28","guid":{"rendered":"https:\/\/ptin.us.edu.pl\/?page_id=28"},"modified":"2025-12-24T11:35:48","modified_gmt":"2025-12-24T11:35:48","slug":"30-lat-ptin-1992-2022","status":"publish","type":"page","link":"https:\/\/ptin.us.edu.pl\/","title":{"rendered":""},"content":{"rendered":"\n<div style=\"height:25px\" aria-hidden=\"true\" class=\"wp-block-spacer\"><\/div>\n\n\n\n<figure class=\"wp-block-image aligncenter size-large\"><img loading=\"lazy\" decoding=\"async\" width=\"902\" height=\"1024\" src=\"https:\/\/ptin.us.edu.pl\/wp-content\/uploads\/2025\/12\/zyczenia-e1766576086170-902x1024.jpg\" alt=\"Serdeczne \u017cyczenia z okazji \u015awi\u0105t Bo\u017cego Narodzenia i Nowego Roku, Spe\u0142nienia marze\u0144, pomy\u015blno\u015bci w \u017cyciu osobistym i zawodowym W nowym 2026 roku \u017bycz\u0105 Cz\u0142onkowie Zarz\u0105du Polskiego Towarzystwa Informacji Naukowej\" class=\"wp-image-323\" style=\"aspect-ratio:0.8681678736147922\" srcset=\"https:\/\/ptin.us.edu.pl\/wp-content\/uploads\/2025\/12\/zyczenia-e1766576086170-902x1024.jpg 902w, https:\/\/ptin.us.edu.pl\/wp-content\/uploads\/2025\/12\/zyczenia-e1766576086170-264x300.jpg 264w, https:\/\/ptin.us.edu.pl\/wp-content\/uploads\/2025\/12\/zyczenia-e1766576086170-768x872.jpg 768w, https:\/\/ptin.us.edu.pl\/wp-content\/uploads\/2025\/12\/zyczenia-e1766576086170.jpg 980w\" sizes=\"auto, (max-width: 902px) 100vw, 902px\" \/><\/figure>\n\n\n\n<div style=\"height:25px\" aria-hidden=\"true\" class=\"wp-block-spacer\"><\/div>\n\n\n\n<hr class=\"wp-block-separator has-alpha-channel-opacity is-style-wide\"\/>\n\n\n\n<p class=\"has-text-align-center has-medium-font-size\"><a href=\"https:\/\/ptin.us.edu.pl\/index.php\/konferencje\/x-ogolnopolska-konferencja-naukowa-online-5-6-grudnia-2024-r\/\">X Og\u00f3lnopolska Konferencja Naukowa \u201eZARZ\u0104DZANIE INFORMACJ\u0104 W NAUCE\u201d<br><\/a>(5-6 XII 2024 r. online)<\/p>\n\n\n\n<p class=\"has-text-align-center has-custom-kolor-1-color has-base-background-color has-text-color has-background has-medium-font-size\"><a href=\"https:\/\/ptin.us.edu.pl\/wp-content\/uploads\/2024\/11\/ZIwN_2024_program.pdf\">PROGRAM KONFERENCJI (PDF, 235 KB)<\/a> <\/p>\n","protected":false},"excerpt":{"rendered":"<p>X Og\u00f3lnopolska Konferencja Naukowa \u201eZARZ\u0104DZANIE INFORMACJ\u0104 W NAUCE\u201d(5-6 XII 2024 r. online) PROGRAM KONFERENCJI (PDF, 235 KB)<\/p>\n","protected":false},"author":1,"featured_media":0,"parent":0,"menu_order":0,"comment_status":"closed","ping_status":"closed","template":"","meta":{"footnotes":""},"class_list":["post-28","page","type-page","status-publish","hentry"],"_links":{"self":[{"href":"https:\/\/ptin.us.edu.pl\/index.php\/wp-json\/wp\/v2\/pages\/28","targetHints":{"allow":["GET"]}}],"collection":[{"href":"https:\/\/ptin.us.edu.pl\/index.php\/wp-json\/wp\/v2\/pages"}],"about":[{"href":"https:\/\/ptin.us.edu.pl\/index.php\/wp-json\/wp\/v2\/types\/page"}],"author":[{"embeddable":true,"href":"https:\/\/ptin.us.edu.pl\/index.php\/wp-json\/wp\/v2\/users\/1"}],"replies":[{"embeddable":true,"href":"https:\/\/ptin.us.edu.pl\/index.php\/wp-json\/wp\/v2\/comments?post=28"}],"version-history":[{"count":45,"href":"https:\/\/ptin.us.edu.pl\/index.php\/wp-json\/wp\/v2\/pages\/28\/revisions"}],"predecessor-version":[{"id":328,"href":"https:\/\/ptin.us.edu.pl\/index.php\/wp-json\/wp\/v2\/pages\/28\/revisions\/328"}],"wp:attachment":[{"href":"https:\/\/ptin.us.edu.pl\/index.php\/wp-json\/wp\/v2\/media?parent=28"}],"curies":[{"name":"wp","href":"https:\/\/api.w.org\/{rel}","templated":true}]}}