{"id":55,"date":"2023-09-22T10:35:42","date_gmt":"2023-09-22T10:35:42","guid":{"rendered":"https:\/\/ptin.us.edu.pl\/?page_id=55"},"modified":"2023-09-27T10:22:16","modified_gmt":"2023-09-27T10:22:16","slug":"czlonkostwo","status":"publish","type":"page","link":"https:\/\/ptin.us.edu.pl\/index.php\/czlonkostwo\/","title":{"rendered":"CZ\u0141ONKOSTWO"},"content":{"rendered":"\n<p>Zgodnie ze statutem Towarzystwa cz\u0142onkami zwyczajnymi mog\u0105 zosta\u0107 obywatele polscy, stale mieszkaj\u0105cy w Polsce:<\/p>\n\n\n\n<ul class=\"wp-block-list\">\n<li>zajmuj\u0105cy si\u0119 dzia\u0142alno\u015bci\u0105 w zakresie informacji naukowej i technicznej,<\/li>\n\n\n\n<li>korzystaj\u0105cy z us\u0142ug informacji naukowej i technicznej, zainteresowani problematyk\u0105 informacji.<\/li>\n<\/ul>\n\n\n\n<p>Po z\u0142o\u017ceniu pisemnej deklaracji o przyst\u0105pieniu do Towarzystwa oraz zadeklarowaniu sk\u0142adek cz\u0142onkowskich \u2013&nbsp;<strong>minimalna wysoko\u015b\u0107 \u2013 30 z\u0142\/p\u00f3\u0142 roku (emeryci i renci\u015bci 12 z\u0142\/p\u00f3\u0142 roku)<\/strong>. P\u0142atne na konto: 72 1020 2313 0000 3502 0145 1798<\/p>\n\n\n\n<p>Cz\u0142onkiem wspieraj\u0105cym mo\u017ce zosta\u0107 osoba fizyczna lub instytucja, maj\u0105ca siedzib\u0119 w kraju lub zagranic\u0105, kt\u00f3ra zadeklarowa\u0142a poparcie finansowe dla Towarzystwa.<\/p>\n\n\n\n<p>Cz\u0142onkiem honorowym mo\u017ce zosta\u0107 osoba, maj\u0105ca wybitne osi\u0105gni\u0119cia w dziedzinie informacji naukowej i technicznej lub szczeg\u00f3lne zas\u0142ugi w rozwoju dzia\u0142alno\u015bci Towarzystwa. Godno\u015b\u0107 t\u0119 nadaje, na wniosek Zarz\u0105du, Walne Zebranie Cz\u0142onk\u00f3w.<\/p>\n\n\n\n<p>Cz\u0142onkowie zwyczajni PTIN maj\u0105 prawo do:<\/p>\n\n\n\n<ul class=\"wp-block-list\">\n<li>czynnego i biernego prawa wyborczego do W\u0142adz;<\/li>\n\n\n\n<li>noszenia odznaki Towarzystwa;<\/li>\n\n\n\n<li>uzyskiwania porad w zagadnieniach wynikaj\u0105cych z profilu dzia\u0142ania Towarzystwa;<\/li>\n\n\n\n<li>udzia\u0142u w imprezach szkoleniowo-popularyzacyjnych, organizowanych lub wsp\u00f3\u0142organizowanych przez Towarzystwo;<\/li>\n\n\n\n<li>korzystania z pomocy kole\u017ce\u0144skiej, organizowanej przez Towarzystwo;<\/li>\n\n\n\n<li>ubiegania si\u0119 o tytu\u0142 rzeczoznawcy PTIN z zakresu informacji naukowej.<\/li>\n<\/ul>\n\n\n\n<p>Cz\u0142onkowie honorowi, maj\u0105 prawa cz\u0142onk\u00f3w zwyczajnych i s\u0105 zwolnieni z p\u0142acenia sk\u0142adek cz\u0142onkowskich.<\/p>\n\n\n\n<p>Cz\u0142onkostwo ustaje w przypadku:<\/p>\n\n\n\n<ul class=\"wp-block-list\">\n<li>dobrowolnego wyst\u0105pienia, zg\u0142oszonego na pi\u015bmie do Zarz\u0105du;<\/li>\n\n\n\n<li>skre\u015blenia z listy cz\u0142onk\u00f3w uchwa\u0142\u0105 Zarz\u0105du, z powodu niep\u0142acenia sk\u0142adek przez okres d\u0142u\u017cszy ni\u017c 12 miesi\u0119cy, po dwukrotnym wezwaniu do dokonania p\u0142atno\u015bci sk\u0142adek;<\/li>\n\n\n\n<li>wykluczenia, uchwa\u0142\u0105 Walnego Zebrania, za dzia\u0142alno\u015b\u0107 sprzeczn\u0105 z postanowieniami Statutu;<br>utraty praw obywatelskich;<\/li>\n\n\n\n<li>utraty osobowo\u015bci prawnej w odniesieniu do cz\u0142onk\u00f3w wspieraj\u0105cych.<\/li>\n\n\n\n<li>skre\u015blenia z listy cz\u0142onk\u00f3w uchwa\u0142\u0105 Zarz\u0105du, z powodu niep\u0142acenia sk\u0142adek przez okres d\u0142u\u017cszy ni\u017c 12 miesi\u0119cy, po dwukrotnym wezwaniu do dokonania p\u0142atno\u015bci sk\u0142adek;<\/li>\n\n\n\n<li>wykluczenia, uchwa\u0142\u0105 Walnego Zebrania, za dzia\u0142alno\u015b\u0107 sprzeczn\u0105 z postanowieniami Statutu;<br>utraty praw obywatelskich;<\/li>\n\n\n\n<li>utraty osobowo\u015bci prawnej w odniesieniu do cz\u0142onk\u00f3w wspieraj\u0105cych.<\/li>\n<\/ul>\n\n\n\n<p class=\"has-black-color has-text-color\"><strong><a href=\"https:\/\/ptin.us.edu.pl\/wp-content\/uploads\/2023\/09\/formularz.doc\">Formularz zg\u0142oszeniowy<\/a><\/strong><\/p>\n","protected":false},"excerpt":{"rendered":"<p>Zgodnie ze statutem Towarzystwa cz\u0142onkami zwyczajnymi mog\u0105 zosta\u0107 obywatele polscy, stale mieszkaj\u0105cy w Polsce: Po z\u0142o\u017ceniu pisemnej deklaracji o przyst\u0105pieniu do Towarzystwa oraz zadeklarowaniu sk\u0142adek cz\u0142onkowskich \u2013&nbsp;minimalna wysoko\u015b\u0107 \u2013 30 z\u0142\/p\u00f3\u0142 roku (emeryci i renci\u015bci 12 z\u0142\/p\u00f3\u0142 roku). P\u0142atne na konto: 72 1020 2313 0000 3502 0145 1798 Cz\u0142onkiem wspieraj\u0105cym mo\u017ce zosta\u0107 osoba fizyczna lub [&hellip;]<\/p>\n","protected":false},"author":1,"featured_media":0,"parent":0,"menu_order":0,"comment_status":"closed","ping_status":"closed","template":"","meta":{"footnotes":""},"class_list":["post-55","page","type-page","status-publish","hentry"],"_links":{"self":[{"href":"https:\/\/ptin.us.edu.pl\/index.php\/wp-json\/wp\/v2\/pages\/55","targetHints":{"allow":["GET"]}}],"collection":[{"href":"https:\/\/ptin.us.edu.pl\/index.php\/wp-json\/wp\/v2\/pages"}],"about":[{"href":"https:\/\/ptin.us.edu.pl\/index.php\/wp-json\/wp\/v2\/types\/page"}],"author":[{"embeddable":true,"href":"https:\/\/ptin.us.edu.pl\/index.php\/wp-json\/wp\/v2\/users\/1"}],"replies":[{"embeddable":true,"href":"https:\/\/ptin.us.edu.pl\/index.php\/wp-json\/wp\/v2\/comments?post=55"}],"version-history":[{"count":5,"href":"https:\/\/ptin.us.edu.pl\/index.php\/wp-json\/wp\/v2\/pages\/55\/revisions"}],"predecessor-version":[{"id":90,"href":"https:\/\/ptin.us.edu.pl\/index.php\/wp-json\/wp\/v2\/pages\/55\/revisions\/90"}],"wp:attachment":[{"href":"https:\/\/ptin.us.edu.pl\/index.php\/wp-json\/wp\/v2\/media?parent=55"}],"curies":[{"name":"wp","href":"https:\/\/api.w.org\/{rel}","templated":true}]}}